{"id":133,"date":"2023-06-15T15:25:50","date_gmt":"2023-06-15T12:25:50","guid":{"rendered":"https:\/\/gumbetanilbeach.com\/?page_id=133"},"modified":"2023-06-15T16:44:49","modified_gmt":"2023-06-15T13:44:49","slug":"ilerisim-contact","status":"publish","type":"page","link":"http:\/\/gumbetanilbeach.com\/?page_id=133","title":{"rendered":"\u0130leti\u015fim \/ Contact"},"content":{"rendered":"<div  class='flex_column av-gtr79-595a93a117d7bdbc5698f97847922bae av_one_full  avia-builder-el-0  avia-builder-el-no-sibling  first flex_column_div  '     ><style type=\"text\/css\" data-created_by=\"avia_inline_auto\" id=\"style-css-av-lix46byv-f2f015eab9b9c3b3237bf9b03148dfe0\">\n#top .av_textblock_section.av-lix46byv-f2f015eab9b9c3b3237bf9b03148dfe0 .avia_textblock{\nfont-size:22px;\n}\n<\/style>\n<section  class='av_textblock_section av-lix46byv-f2f015eab9b9c3b3237bf9b03148dfe0 '   itemscope=\"itemscope\" itemtype=\"https:\/\/schema.org\/CreativeWork\" ><div class='avia_textblock'  itemprop=\"text\" ><p style=\"text-align: center;\">G\u00fcmbet Mahalesi Yarbay Sabri Erg\u00fcden Sokak, Zengin H\u00fcseyin Sokak, 48400<\/p>\n<p style=\"text-align: center;\"><strong>Bodrum\/Mu\u011fla<\/strong><\/p>\n<p style=\"text-align: center;\"><strong>T. <a href=\"tel:+902523193900\">+9<span aria-label=\"(0252) 319 39 00 Numaral\u0131 Telefonu Ara\">0 252 319 39 00<\/span><\/a><\/strong><\/p>\n<p style=\"text-align: center;\">e-mail\u00a0 <a href=\"mailto:info@gumbetanilbeach.com\"><strong>info@gumbetanilbeach.com<\/strong><\/a><\/p>\n<\/div><\/section><\/div>\n","protected":false},"excerpt":{"rendered":"","protected":false},"author":1,"featured_media":0,"parent":0,"menu_order":0,"comment_status":"closed","ping_status":"closed","template":"","meta":{"footnotes":""},"class_list":["post-133","page","type-page","status-publish","hentry"],"_links":{"self":[{"href":"http:\/\/gumbetanilbeach.com\/index.php?rest_route=\/wp\/v2\/pages\/133","targetHints":{"allow":["GET"]}}],"collection":[{"href":"http:\/\/gumbetanilbeach.com\/index.php?rest_route=\/wp\/v2\/pages"}],"about":[{"href":"http:\/\/gumbetanilbeach.com\/index.php?rest_route=\/wp\/v2\/types\/page"}],"author":[{"embeddable":true,"href":"http:\/\/gumbetanilbeach.com\/index.php?rest_route=\/wp\/v2\/users\/1"}],"replies":[{"embeddable":true,"href":"http:\/\/gumbetanilbeach.com\/index.php?rest_route=%2Fwp%2Fv2%2Fcomments&post=133"}],"version-history":[{"count":10,"href":"http:\/\/gumbetanilbeach.com\/index.php?rest_route=\/wp\/v2\/pages\/133\/revisions"}],"predecessor-version":[{"id":149,"href":"http:\/\/gumbetanilbeach.com\/index.php?rest_route=\/wp\/v2\/pages\/133\/revisions\/149"}],"wp:attachment":[{"href":"http:\/\/gumbetanilbeach.com\/index.php?rest_route=%2Fwp%2Fv2%2Fmedia&parent=133"}],"curies":[{"name":"wp","href":"https:\/\/api.w.org\/{rel}","templated":true}]}}